est common factor of 39 and 6.
3
What is the highest common divisor of 18 and 180?
18
What is the greatest common factor of 13 and 637?
13
Calculate the highest common divisor of 49 and 147.
49
Calculate the greatest common factor of 14 and 994.
14
What is the greatest common factor of 370 and 592?
74
What is the greatest common divisor of 30 and 110?
10
What is the greatest common factor of 195 and 30?
15
Calculate the highest common factor of 35 and 11795.
35
Calculate the greatest common divisor of 637 and 91.
91
Calculate the highest common factor of 385 and 55.
55
What is the greatest common factor of 5 and 20?
5
What is the greatest common divisor of 7 and 25?
1
Calculate the greatest common divisor of 55 and 22.
11
What is the highest common factor of 105 and 168?
21
Calculate the greatest common factor of 5 and 20.
5
Calculate the greatest common divisor of 273 and 14.
7
Calculate the highest common divisor of 2990 and 130.
130
What is the greatest common divisor of 2 and 37?
1
What is the greatest common divisor of 475 and 19?
19
Calculate the highest common factor of 48 and 1344.
48
What is the highest common divisor of 15599 and 57?
19
What is the highest common divisor of 180 and 4890?
30
What is the greatest common factor of 19 and 14611?
19
What is the greatest common divisor of 532 and 33250?
266
Calculate the greatest common factor of 42 and 672.
42
Calculate the highest common factor of 250 and 10.
10
Calculate the highest common divisor of 121 and 110.
11
What is the greatest common factor of 12 and 324?
12
What is the greatest common divisor of 16 and 64?
16
Calculate the highest common divisor of 39 and 11453.
13
What is the highest common factor of 2 and 49?
1
Calculate the highest common factor of 198 and 18.
18
Calculate the greatest common factor of 225 and 1875.
75
What is the highest common divisor of 20 and 200?
20
What is the greatest common factor of 518 and 35?
7
Calculate the highest common factor of 42 and 5838.
42
Calculate the highest common factor of 3376 and 64.
16
What is the greatest common divisor of 7 and 6839?
7
What is the greatest common factor of 9652 and 127?
127
What is the greatest common divisor of 89 and 16109?
89
Calculate the highest common factor of 11 and 2959.
11
Calculate the greatest common divisor of 42 and 63.
21
Calculate the greatest common factor of 47 and 517.
47
Calculate the highest common factor of 903 and 84.
21
Calculate the highest common factor of 480 and 660.
60
What is the greatest common divisor of 2448 and 432?
144
Calculate the greatest common divisor of 704 and 44.
44
What is the greatest common divisor of 828 and 324?
36
Calculate the highest common divisor of 73 and 7519.
73
Calculate the highest common factor of 8 and 108.
4
Calculate the highest common divisor of 4026 and 12.
6
Calculate the highest common factor of 2686 and 79.
79
Calculate the greatest common divisor of 4352 and 238.
34
What is the highest common divisor of 24 and 804?
12
What is the highest common divisor of 4784 and 52?
52
Calculate the greatest common factor of 33 and 627.
33
What is the highest common divisor of 779 and 133?
19
What is the highest common divisor of 8260 and 560?
140
What is the highest common divisor of 10920 and 130?
130
Calculate the greatest common factor of 54 and 570.
6
What is the highest common factor of 4913 and 17?
17
What is the highest common factor of 550 and 325?
25
What is the highest common factor of 8 and 2228?
4
Calculate the highest common factor of 42 and 175.
7
What is the highest common divisor of 129 and 86?
43
What is the highest common divisor of 148 and 2442?
74
What is the greatest common divisor of 92 and 4?
4
What is the highest common factor of 19940 and 20?
20
What is the greatest common factor of 901 and 159?
53
What is the highest common factor of 134 and 64186?
134
What is the greatest common factor of 82 and 9840?
82
Calculate the greatest common divisor of 466 and 14.
2
What is the greatest common divisor of 112 and 664?
8
Calculate the greatest common factor of 83809 and 11.
11
What is the greatest common factor of 125 and 25?
25
What is the highest common factor of 688 and 129?
43
What is the greatest common divisor of 12 and 1272?
12
What is the greatest common factor of 403 and 338?
13
What is the highest common factor of 58 and 4?
2
What is the highest common divisor of 1734 and 102?
102
What is the highest common divisor of 3084 and 36?
12
Calculate the greatest common factor of 9 and 113877.
9
What is the highest common factor of 24 and 3768?
24
What is the highest common factor of 3 and 16?
1
What is the greatest common factor of 1598 and 34?
34
What is the greatest common factor of 55 and 341?
11
What is the greatest common divisor of 3 and 78?
3
What is the highest common factor of 496 and 656?
16
What is the greatest common divisor of 152 and 57?
19
What is the highest common divisor of 61 and 1?
1
What is the greatest common factor of 9 and 1611?
9
What is the highest common divisor of 5371 and 131?
131
What is the highest common factor of 170 and 238?
34
Calculate the highest common divisor of 39 and 182.
13
Calculate the greatest common factor of 76 and 171.
19
What is the greatest common divisor of 208 and 39?
13
What is the greatest common factor of 28 and 413?
7
What is the greatest common divisor of 6 and 322?
2
What is the highest common divisor of 741 and 4199?
247
What is the highest common factor of 9 and 309?
3
What is the greatest common divisor of 177 and 59?
59
Calculate the highest common divisor of 8 and 1336.
8
What is the greatest common divisor of 52469 and 71?
71
Calculate the highest common factor of 4 and 1152.
4
Calculate the greatest common factor of 18 and 14.
2
What is the greatest common factor of 275 and 225?
25
Calculate the highest common divisor of 56 and 272.
8
Calculate the highest common divisor of 1672 and 76.
76
Calculate the highest common divisor of 26080 and 163.
163
Calculate the highest common divisor of 799 and 51.
17
Calculate the highest common divisor of 11441 and 85.
17
What is the highest common divisor of 468 and 7371?
117
Calculate the highest common divisor of 323 and 34.
17
Calculate the highest common factor of 1694 and 28.
14
What is the highest common factor of 39 and 27?
3
Calculate the highest common divisor of 15 and 8205.
15
Calculate the greatest common factor of 380 and 1615.
95
What is the highest common divisor of 176 and 608?
16
What is the highest common divisor of 133 and 171?
19
Calculate the greatest common divisor of 559 and 43.
43
Calculate the greatest common factor of 564 and 12.
12
What is the highest common divisor of 374 and 154?
22
What is the highest common factor of 47 and 7849?
47
What is the greatest common divisor of 464 and 32?
16
What is the highest common factor of 105 and 24?
3
Calculate the greatest common divisor of 3478 and 74.
74
Calculate the greatest common divisor of 7003 and 1043.
149
What is the greatest common divisor of 1088 and 68?
68
What is the greatest common divisor of 170 and 102?
34
Calculate the highest common divisor of 50 and 400.
50
Calculate the greatest common divisor of 24 and 3.
3
What is the highest common factor of 25365 and 19?
19
What is the highest common divisor of 40 and 70?
10
What is the greatest common factor of 13 and 69511?
13
What is the greatest common divisor of 17699 and 11?
11
What is the highest common divisor of 126 and 392?
14
Calculate the highest common divisor of 27 and 7893.
9
What is the greatest common factor of 11840 and 80?
80
What is the highest common factor of 984 and 336?
24
Calculate the greatest common factor of 34430 and 22.
22
Calculate the highest common factor of 8453 and 749.
107
Calculate the highest common factor of 78 and 54.
6
What is the highest common factor of 120 and 15?
15
What is the highest common divisor of 24 and 21864?
24
Calculate the highest common factor of 3 and 318.
3
Calculate the greatest common factor of 533 and 13.
13
Calculate the highest common factor of 300 and 420.
60
Calculate the greatest common factor of 123 and 287.
41
Calculate the greatest common divisor of 71 and 28471.
71
What is the greatest common factor of 75 and 60?
15
What is the highest co